{"id":115,"date":"2013-11-25T14:07:30","date_gmt":"2013-11-25T13:07:30","guid":{"rendered":"http:\/\/www.neosa.fr\/?page_id=115"},"modified":"2013-11-25T14:07:37","modified_gmt":"2013-11-25T13:07:37","slug":"virtualisation","status":"publish","type":"page","link":"https:\/\/www.neosa.fr\/?page_id=115","title":{"rendered":"Virtualisation"},"content":{"rendered":"<p>Vous souhaitez s\u00e9curisez vos environnements de production Windows et Linux,<br \/>\nVous d\u00e9sirez assurez une continuit\u00e9 de services de votre outil informatique,<br \/>\nVous ne voulez pas et vous ne pouvez pas vous permettre une perte de services.<\/p>\n<p><img loading=\"lazy\" decoding=\"async\" class=\"alignleft  wp-image-116\" style=\"margin: 4px;\" alt=\"Logo-ProxmoxVE\" src=\"https:\/\/www.neosa.fr\/wp-content\/uploads\/2013\/11\/Logo-ProxmoxVE-300x75.png\" width=\"144\" height=\"36\" srcset=\"https:\/\/www.neosa.fr\/wp-content\/uploads\/2013\/11\/Logo-ProxmoxVE-300x75.png 300w, https:\/\/www.neosa.fr\/wp-content\/uploads\/2013\/11\/Logo-ProxmoxVE-460x119.png 460w, https:\/\/www.neosa.fr\/wp-content\/uploads\/2013\/11\/Logo-ProxmoxVE.png 476w\" sizes=\"auto, (max-width: 144px) 100vw, 144px\" \/>Neosa vous propose de mettre en place votre infrastructure virtuelle OpenSource !<br \/>\nHyperviseur renomm\u00e9, Proxmox vous permet de faire cohabiter des machines virtuelles Windows et Linux, vous assurant s\u00e9curit\u00e9 et facilit\u00e9 de migration. Vous sauvegardez vos environnements avant une mise \u00e0 jour, vous basculez sur les \u00e9quipements de secours en cas de d\u00e9faillances : Proxmox vous garantit d&rsquo;une continuit\u00e9 de services, et ce \u00e0 moindre co\u00fbt par rapport aux produits concurrents.<\/p>\n<p>Les fonctionnalit\u00e9s de Proxmox :<\/p>\n<ul>\n<li>Syst\u00e8me d&rsquo;exploitation complet (Debian\u00a0Squeeze 64 bits), avec un\u00a0Noyau Linux\u00a0fourni par openvz (noyau patch\u00e9 bas\u00e9 sur celui de RedHat EL 6)<\/li>\n<li>Partitionnement de disque dur avec\u00a0LVM2<\/li>\n<li>Support d&rsquo;OpenVZ\u00a0(containers) et du module KVM (virtualisation compl\u00e8te)<\/li>\n<li>Outils de sauvegarde et de restauration<\/li>\n<li>Interface web d&rsquo;administration et de supervision.<\/li>\n<li>Fonctions de clustering qui permet par exemple la migration \u00e0 chaud des machines virtuelles d&rsquo;un serveur physique \u00e0 un autre (\u00e0 condition d&rsquo;utiliser un stockage partag\u00e9, SAN ou\u00a0DRBD, sinon la migration entra\u00eene une courte interruption lors du red\u00e9marrage sur un autre n\u0153ud du cluster).<\/li>\n<li>Support sous abonnement payant possible<\/li>\n<\/ul>\n<p><a title=\"Contactez nous\" href=\"https:\/\/www.neosa.fr\/?page_id=14\">Contactez nous<\/a>\u00a0pour \u00e9tudier ensemble la solution adapt\u00e9e \u00e0 vos besoins et contraintes.<\/p>\n","protected":false},"excerpt":{"rendered":"<p>Vous souhaitez s\u00e9curisez vos environnements de production Windows et Linux, Vous d\u00e9sirez assurez une continuit\u00e9 de services de votre outil informatique, Vous ne voulez pas et vous ne pouvez pas vous permettre une perte de services. Neosa vous propose de mettre en place votre infrastructure virtuelle OpenSource ! Hyperviseur renomm\u00e9, Proxmox vous permet de faire&hellip;<\/p>\n","protected":false},"author":1,"featured_media":0,"parent":0,"menu_order":0,"comment_status":"closed","ping_status":"open","template":"","meta":{"footnotes":""},"class_list":["post-115","page","type-page","status-publish","hentry"],"_links":{"self":[{"href":"https:\/\/www.neosa.fr\/index.php?rest_route=\/wp\/v2\/pages\/115","targetHints":{"allow":["GET"]}}],"collection":[{"href":"https:\/\/www.neosa.fr\/index.php?rest_route=\/wp\/v2\/pages"}],"about":[{"href":"https:\/\/www.neosa.fr\/index.php?rest_route=\/wp\/v2\/types\/page"}],"author":[{"embeddable":true,"href":"https:\/\/www.neosa.fr\/index.php?rest_route=\/wp\/v2\/users\/1"}],"replies":[{"embeddable":true,"href":"https:\/\/www.neosa.fr\/index.php?rest_route=%2Fwp%2Fv2%2Fcomments&post=115"}],"version-history":[{"count":4,"href":"https:\/\/www.neosa.fr\/index.php?rest_route=\/wp\/v2\/pages\/115\/revisions"}],"predecessor-version":[{"id":120,"href":"https:\/\/www.neosa.fr\/index.php?rest_route=\/wp\/v2\/pages\/115\/revisions\/120"}],"wp:attachment":[{"href":"https:\/\/www.neosa.fr\/index.php?rest_route=%2Fwp%2Fv2%2Fmedia&parent=115"}],"curies":[{"name":"wp","href":"https:\/\/api.w.org\/{rel}","templated":true}]}}