{"id":19,"date":"2013-11-18T17:27:42","date_gmt":"2013-11-18T16:27:42","guid":{"rendered":"http:\/\/www.neosa.fr\/?page_id=19"},"modified":"2020-03-13T14:58:05","modified_gmt":"2020-03-13T13:58:05","slug":"partenaires","status":"publish","type":"page","link":"https:\/\/www.neosa.fr\/?page_id=19","title":{"rendered":"Partenaires"},"content":{"rendered":"<p><a href=\"http:\/\/www.nellyandre.com\" target=\"_blank\" rel=\"noopener\"><img loading=\"lazy\" decoding=\"async\" class=\" wp-image-128 alignright\" src=\"https:\/\/www.neosa.fr\/wp-content\/uploads\/2013\/11\/logo-nelly-andre-graphiste-independante.gif\" alt=\"Nelly Andr\u00e9 - Graphiste ind\u00e9pendante\" width=\"126\" height=\"86\" \/><\/a><\/p>\n<p><em><strong>Nelly Andr\u00e9<\/strong><\/em>, graphiste \u00e0 Cesson S\u00e9vign\u00e9 (35)<\/p>\n<p>Dans un atelier ouvert et chaleureux, Nelly Andr\u00e9 vous accueillera avec plaisir pour construire votre<br \/>\ncommunication visuelle.\u00a0<a title=\"http:\/\/www.nellyandre.com\" href=\"http:\/\/www.nellyandre.com\" target=\"_blank\" rel=\"noopener\">http:\/\/www.nellyandre.com<\/a><\/p>\n<p>&nbsp;<\/p>\n<p><a href=\"https:\/\/www.neosa.fr\/wp-content\/uploads\/2013\/11\/07-ligne-separatrice.jpg\"><img loading=\"lazy\" decoding=\"async\" class=\"aligncenter size-medium wp-image-213\" src=\"https:\/\/www.neosa.fr\/wp-content\/uploads\/2013\/11\/07-ligne-separatrice-300x12.jpg\" alt=\"\" width=\"300\" height=\"12\" srcset=\"https:\/\/www.neosa.fr\/wp-content\/uploads\/2013\/11\/07-ligne-separatrice-300x12.jpg 300w, https:\/\/www.neosa.fr\/wp-content\/uploads\/2013\/11\/07-ligne-separatrice-1024x43.jpg 1024w, https:\/\/www.neosa.fr\/wp-content\/uploads\/2013\/11\/07-ligne-separatrice-600x25.jpg 600w\" sizes=\"auto, (max-width: 300px) 100vw, 300px\" \/><\/a><\/p>\n<p>&nbsp;<\/p>\n<p><em><strong>Clicc<\/strong><\/em>, Messagerie collaborative Google GSuite<img loading=\"lazy\" decoding=\"async\" class=\"alignright size-medium wp-image-442\" src=\"https:\/\/www.neosa.fr\/wp-content\/uploads\/2020\/03\/CLICC_LOGO-300x53.jpg\" alt=\"\" width=\"300\" height=\"53\" srcset=\"https:\/\/www.neosa.fr\/wp-content\/uploads\/2020\/03\/CLICC_LOGO-300x53.jpg 300w, https:\/\/www.neosa.fr\/wp-content\/uploads\/2020\/03\/CLICC_LOGO-768x134.jpg 768w, https:\/\/www.neosa.fr\/wp-content\/uploads\/2020\/03\/CLICC_LOGO-1024x179.jpg 1024w, https:\/\/www.neosa.fr\/wp-content\/uploads\/2020\/03\/CLICC_LOGO-600x105.jpg 600w, https:\/\/www.neosa.fr\/wp-content\/uploads\/2020\/03\/CLICC_LOGO.jpg 1200w\" sizes=\"auto, (max-width: 300px) 100vw, 300px\" \/><br \/>\n<a href=\"https:\/\/www.clicc.fr\">https:\/\/www.clicc.fr<\/a><\/p>\n<p>&nbsp;<\/p>\n<p>&nbsp;<\/p>\n","protected":false},"excerpt":{"rendered":"<p>Nelly Andr\u00e9, graphiste \u00e0 Cesson S\u00e9vign\u00e9 (35) Dans un atelier ouvert et chaleureux, Nelly Andr\u00e9 vous accueillera avec plaisir pour construire votre communication visuelle.\u00a0http:\/\/www.nellyandre.com &nbsp; &nbsp; Clicc, Messagerie collaborative Google GSuite https:\/\/www.clicc.fr &nbsp; &nbsp;<\/p>\n","protected":false},"author":1,"featured_media":0,"parent":0,"menu_order":3,"comment_status":"closed","ping_status":"open","template":"","meta":{"footnotes":""},"class_list":["post-19","page","type-page","status-publish","hentry"],"_links":{"self":[{"href":"https:\/\/www.neosa.fr\/index.php?rest_route=\/wp\/v2\/pages\/19","targetHints":{"allow":["GET"]}}],"collection":[{"href":"https:\/\/www.neosa.fr\/index.php?rest_route=\/wp\/v2\/pages"}],"about":[{"href":"https:\/\/www.neosa.fr\/index.php?rest_route=\/wp\/v2\/types\/page"}],"author":[{"embeddable":true,"href":"https:\/\/www.neosa.fr\/index.php?rest_route=\/wp\/v2\/users\/1"}],"replies":[{"embeddable":true,"href":"https:\/\/www.neosa.fr\/index.php?rest_route=%2Fwp%2Fv2%2Fcomments&post=19"}],"version-history":[{"count":10,"href":"https:\/\/www.neosa.fr\/index.php?rest_route=\/wp\/v2\/pages\/19\/revisions"}],"predecessor-version":[{"id":443,"href":"https:\/\/www.neosa.fr\/index.php?rest_route=\/wp\/v2\/pages\/19\/revisions\/443"}],"wp:attachment":[{"href":"https:\/\/www.neosa.fr\/index.php?rest_route=%2Fwp%2Fv2%2Fmedia&parent=19"}],"curies":[{"name":"wp","href":"https:\/\/api.w.org\/{rel}","templated":true}]}}