{"id":46,"date":"2013-11-20T11:49:12","date_gmt":"2013-11-20T10:49:12","guid":{"rendered":"http:\/\/www.neosa.fr\/?page_id=46"},"modified":"2013-12-11T11:09:19","modified_gmt":"2013-12-11T10:09:19","slug":"sauvegardes","status":"publish","type":"page","link":"https:\/\/www.neosa.fr\/?page_id=46","title":{"rendered":"Sauvegardes"},"content":{"rendered":"<p>NEOSA vous propose une gamme de solutions et produits adapt\u00e9s \u00e0 vos besoins et contraintes en terme de sauvegarde.<\/p>\n<p>Les risques de pertes de donn\u00e9es (corruption, vol, erreurs humaines, d\u00e9sastres physiques&#8230;) mettent en p\u00e9ril votre entreprise, votre association ou votre propre patrimoine num\u00e9rique : il convient de prot\u00e9ger et p\u00e9renniser vos donn\u00e9es informatiques.<\/p>\n<p>Besoin de sauvegarder des postes clients ou des serveurs, NEOSA a retenu les produits <strong>ARCHIWARE<\/strong> et <strong>RETROSPECT<\/strong> pour r\u00e9pondre \u00e0 votre attente.<\/p>\n<p><img loading=\"lazy\" decoding=\"async\" class=\"alignnone  wp-image-53\" alt=\"logo_archiware\" src=\"https:\/\/www.neosa.fr\/wp-content\/uploads\/2013\/11\/logo_archiware-300x190.png\" width=\"126\" height=\"80\" srcset=\"https:\/\/www.neosa.fr\/wp-content\/uploads\/2013\/11\/logo_archiware-300x190.png 300w, https:\/\/www.neosa.fr\/wp-content\/uploads\/2013\/11\/logo_archiware.png 521w\" sizes=\"auto, (max-width: 126px) 100vw, 126px\" \/>\u00a0<img loading=\"lazy\" decoding=\"async\" class=\"alignnone  wp-image-50\" alt=\"Retrospect Partner logo CMYK\" src=\"https:\/\/www.neosa.fr\/wp-content\/uploads\/2013\/11\/Retrospect-Partner-logo-RGB-300DPI-6in-300x65.jpg\" width=\"118\" height=\"26\" \/><\/p>\n<p>Sauvegarde sur disques, distantes, sur bandes, nous sommes en mesure d&rsquo;\u00e9tudier avec vous la faisabilit\u00e9 de votre projet.<\/p>\n<p>Les solutions de sauvegarde <strong>ARCHIWARE<\/strong> sont disponibles pour Windows, Mac OS X, Linux* et Solaris.<\/p>\n<p><strong>Retrospect<\/strong> est disponible pour Windows et Mac OS X. Des versions d&rsquo;essais sont disponible <strong><a title=\"Versions d'essais Retospect par NEOSA\" href=\"http:\/\/retrospect.com\/fr\/partners\/minisite_product_overview?partner_name=NEOSA\" target=\"_blank\">sur le mini-site\u00a0!<\/a>\u00a0<\/strong><\/p>\n<p><a title=\"Contactez nous\" href=\"https:\/\/www.neosa.fr\/?page_id=14\">Contactez nous<\/a>\u00a0pour \u00e9tudier ensemble la solution adapt\u00e9e \u00e0 vos besoins et contraintes.<\/p>\n<p><em>*Versions Linux 32 et 64 bits, n\u00e9cessite les librairies 32 bits<\/em><\/p>\n<p><img loading=\"lazy\" decoding=\"async\" class=\"alignnone size-medium wp-image-57\" alt=\"Archiware_produits\" src=\"https:\/\/www.neosa.fr\/wp-content\/uploads\/2013\/11\/Archiware_produits-300x80.png\" width=\"300\" height=\"80\" srcset=\"https:\/\/www.neosa.fr\/wp-content\/uploads\/2013\/11\/Archiware_produits-300x80.png 300w, https:\/\/www.neosa.fr\/wp-content\/uploads\/2013\/11\/Archiware_produits.png 500w\" sizes=\"auto, (max-width: 300px) 100vw, 300px\" \/><\/p>\n<p><a href=\"https:\/\/www.neosa.fr\/wp-content\/uploads\/2013\/11\/PresStore_Main_Menu.jpg\"><img loading=\"lazy\" decoding=\"async\" class=\"alignnone size-medium wp-image-58\" alt=\"PresStore_Main_Menu\" src=\"https:\/\/www.neosa.fr\/wp-content\/uploads\/2013\/11\/PresStore_Main_Menu-300x212.jpg\" width=\"300\" height=\"212\" srcset=\"https:\/\/www.neosa.fr\/wp-content\/uploads\/2013\/11\/PresStore_Main_Menu-300x212.jpg 300w, https:\/\/www.neosa.fr\/wp-content\/uploads\/2013\/11\/PresStore_Main_Menu.jpg 420w\" sizes=\"auto, (max-width: 300px) 100vw, 300px\" \/><\/a><\/p>\n","protected":false},"excerpt":{"rendered":"<p>NEOSA vous propose une gamme de solutions et produits adapt\u00e9s \u00e0 vos besoins et contraintes en terme de sauvegarde. Les risques de pertes de donn\u00e9es (corruption, vol, erreurs humaines, d\u00e9sastres physiques&#8230;) mettent en p\u00e9ril votre entreprise, votre association ou votre propre patrimoine num\u00e9rique : il convient de prot\u00e9ger et p\u00e9renniser vos donn\u00e9es informatiques. Besoin de&hellip;<\/p>\n","protected":false},"author":1,"featured_media":0,"parent":12,"menu_order":0,"comment_status":"closed","ping_status":"open","template":"","meta":{"footnotes":""},"class_list":["post-46","page","type-page","status-publish","hentry"],"_links":{"self":[{"href":"https:\/\/www.neosa.fr\/index.php?rest_route=\/wp\/v2\/pages\/46","targetHints":{"allow":["GET"]}}],"collection":[{"href":"https:\/\/www.neosa.fr\/index.php?rest_route=\/wp\/v2\/pages"}],"about":[{"href":"https:\/\/www.neosa.fr\/index.php?rest_route=\/wp\/v2\/types\/page"}],"author":[{"embeddable":true,"href":"https:\/\/www.neosa.fr\/index.php?rest_route=\/wp\/v2\/users\/1"}],"replies":[{"embeddable":true,"href":"https:\/\/www.neosa.fr\/index.php?rest_route=%2Fwp%2Fv2%2Fcomments&post=46"}],"version-history":[{"count":10,"href":"https:\/\/www.neosa.fr\/index.php?rest_route=\/wp\/v2\/pages\/46\/revisions"}],"predecessor-version":[{"id":141,"href":"https:\/\/www.neosa.fr\/index.php?rest_route=\/wp\/v2\/pages\/46\/revisions\/141"}],"up":[{"embeddable":true,"href":"https:\/\/www.neosa.fr\/index.php?rest_route=\/wp\/v2\/pages\/12"}],"wp:attachment":[{"href":"https:\/\/www.neosa.fr\/index.php?rest_route=%2Fwp%2Fv2%2Fmedia&parent=46"}],"curies":[{"name":"wp","href":"https:\/\/api.w.org\/{rel}","templated":true}]}}